?
True
Is 2706335527 prime?
False
Is 9677116511 a composite number?
False
Is 213622158094 a composite number?
True
Is 2793740749 composite?
False
Is 214155061 composite?
True
Is 5367665711 prime?
True
Is 45485299121 prime?
False
Is 3650489411 composite?
False
Is 135520201 composite?
True
Is 7337253767 a prime number?
True
Is 7131695327 composite?
True
Is 103181089097 prime?
True
Is 5684349971 prime?
False
Is 12578772137 a composite number?
True
Is 7978133 prime?
False
Is 23412226111 a prime number?
False
Is 7928207093 a prime number?
False
Is 19461162101 prime?
True
Is 14854393801 composite?
True
Is 1619303221 a prime number?
False
Is 8160430391 prime?
False
Is 1236774598 composite?
True
Is 288055895 a prime number?
False
Is 8481541447 composite?
True
Is 10427143841 a prime number?
False
Is 15577230329 prime?
True
Is 26304623851 a composite number?
True
Is 223013028727 prime?
True
Is 3251432507 a composite number?
True
Is 1818618719 prime?
True
Is 218053127 composite?
False
Is 2548471357 a prime number?
True
Is 1710886301 prime?
True
Is 727465135 composite?
True
Is 7248833159 composite?
True
Is 32185903889 composite?
True
Is 2604798389 composite?
False
Is 801819509 a composite number?
True
Is 2592059419 a composite number?
False
Is 5617700579 prime?
False
Is 10609843291 a prime number?
True
Is 1000129894 prime?
False
Is 47592889 composite?
False
Is 12993357785 composite?
True
Is 873685651 prime?
True
Is 273465481 a composite number?
False
Is 9473046521 a composite number?
False
Is 2330864093 a prime number?
False
Is 18354644237 prime?
True
Is 11298207881 prime?
True
Is 7081847951 a composite number?
False
Is 5503206419 composite?
False
Is 1337362321 a prime number?
True
Is 7703942011 a prime number?
False
Is 146994114209 prime?
False
Is 28337989 prime?
False
Is 15943576049 a prime number?
True
Is 2380574357 a prime number?
False
Is 2929961207 a prime number?
True
Is 260776201 composite?
True
Is 4197298901 a prime number?
True
Is 1959790751 a prime number?
True
Is 1318309249 prime?
False
Is 11147675621 prime?
True
Is 5160400571 a prime number?
False
Is 2839156361 composite?
False
Is 5007361151 prime?
False
Is 6218743819 a composite number?
True
Is 112427753 prime?
False
Is 6654552833 composite?
False
Is 21063517127 a prime number?
False
Is 413887237 a prime number?
True
Is 130009613 a prime number?
True
Is 487739029 composite?
True
Is 63381030203 a composite number?
False
Is 44385404999 composite?
True
Is 191683978927 composite?
True
Is 10386245 a composite number?
True
Is 952408741 prime?
False
Is 34280887847 a composite number?
True
Is 2996927261 a composite number?
False
Is 3976198517 a composite number?
True
Is 16411996007 a prime number?
False
Is 6464097661 a prime number?
False
Is 290371694 composite?
True
Is 133762561 composite?
False
Is 1362857747 composite?
True
Is 10866086353 composite?
True
Is 19587948683 a prime number?
True
Is 64684944029 a prime number?
False
Is 11602997383 a prime number?
True
Is 24628839101 a prime number?
True
Is 23694961019 a composite number?
True
Is 1329072839 prime?
True
Is 4043329343 composite?
True
Is 5491138099 composite?
False
Is 6570788111 composite?
True
Is 3360757483 composite?
True
Is 961998377 a prime number?
False
Is 335624782 composite?
True
Is 2161381303 a composite number?
True
Is 1152456439 a prime number?
True
Is 3506167393 a prime number?
False
Is 1729434797 prime?
False
Is 1126281551 a composite number?
False
Is 1460460823 a composite number?
False
Is 159543187 composite?
True
Is 2556708391 a prime number?
False
Is 32783066119 composite?
False
Is 1862491669 prime?
True
Is 61910909261 composite?
False
Is 1753441303 a composite number?
False
Is 6842652701 composite?
False
Is 126706008223 a composite number?
True
Is 2950709417 a composite number?
False
Is 13371489667 prime?
True
Is 18077132833 a composite number?
False
Is 79796332163 a prime number?
False
Is 203494987 a composite number?
True
Is 44331341 composite?
False
Is 30755643799 a prime number?
True
Is 2917273985 prime?
False
Is 91757719 composite?
True
Is 473511989 composite?
False
Is 40051867871 a composite number?
True
Is 245662832747 composite?
True
Is 814707506 composite?
True
Is 136033021 a prime number?
False
Is 142305494689 prime?
False
Is 4879665565 a prime number?
False
Is 3649515323 a prime number?
True
Is 943334179 a composite number?
False
Is 811257883 prime?
False
Is 1643977973 composite?
True
Is 103821593441 prime?
True
Is 202183220657 a composite number?
True
Is 8050011841 composite?
False
Is 5880842267 a prime number?
True
Is 1681417313 composite?
False
Is 1312326053 prime?
True
Is 3301351993 prime?
False
Is 860744813 a prime number?
True
Is 339144353 composite?
False
Is 2023419367 composite?
True
Is 39293424043 a composite number?
True
Is 358653733 a prime number?
True
Is 20175697493 composite?
True
Is 1464766567 prime?
False
Is 122623947253 prime?
True
Is 6036620839 prime?
True
Is 9993993979 a prime number?
False
Is 9511022063 a composite number?
False
Is 4211065181 composite?
False
Is 299016749 composite?
False
Is 2381149717 prime?
True
Is 28451590703 a prime number?
True
Is 11872423609 a prime number?
True
Is 11348421779 composite?
False
Is 29033478829 a composite number?
True
Is 15718613 prime?
True
Is 36974869073 composite?
True
Is 56068256429 composite?
True
Is 3673799849 prime?
True
Is 134500669 prime?
False
Is 25750709 a composite number?
False
Is 721954397 prime?
False
Is 20076508159 a prime number?
True
Is 22041756131 prime?
True
Is 3638594317 composite?
False
Is 1713121999 a composite number?
True
Is 809787089 prime?
False
Is 71069343721 prime?
False
Is 23166802013 a composite number?
False
Is 1275727381 a prime number?
True
Is 34404901099 prime?
True
Is 117049178011 a composite number?
False
Is 167823673 prime?
True
Is 1613551913 prime?
False
Is 31714181539 composite?
True
Is 917075633 prime?
False
Is 2144087551 composite?
False
Is 551377111 composite?
False
Is 1974600179 prime?
True
Is 10767743009 composite?
False
Is 1686978011 composite?
False
Is 19775586563 a composite number?
False
Is 4365360061 a prime number?
True
Is 3133682017 prime?
True
Is 2391054619 composite?
True
Is 457765039 a prime number?
True
Is 46969296247 composite?
False
Is 2366746081 prime?
False
Is 21804786303 a prime number?
False
Is 14970681235 a prime number?
False
Is 5218389203 a composite number?
False
Is 51611199257 a composite number?
False
Is 75007102013 a composite number?
False
Is 4451777021 prime?
True
Is 9236331667 composite?
True
Is 5795658571 prime?
True
Is 27095063 a composite number?
True
Is 11097405003 composite?
True
Is 716859337 prime?
False
Is 203549957459 composite?
False
Is 1186026997 a prime number?
False
Is 42781260647 a composite number?
True
Is 17992825079 prime?
True
Is 67133458519 a composite number?
True
Is 557434595 a composite number?
True
Is 8170531 prime?
False
Is 438926807 a composite number?
True
Is 1138217671 prime?
False
Is 292656607 prime?
False
Is 94091996393 composite?
True
Is 3887467867 a composite number?
True
Is 4357915697 a prime number?
False
Is 280741319 composite?
False
Is 12353424947 composite?
False
Is 20047399217 a prime number?
True
Is 52636071209 a prime number?
True
Is 3421915753 a composite number?
False
Is 8296520933 a prime number?
True
Is 25290382199 a composite number?
False
Is 706009387 prime?
True
Is 25847962079 a prime number?
False
Is 6775801 a composite number?
False
Is 1434040351 composite?
False
Is 128554172249 composite?
False
Is 383219561 composite?
True
Is 243828449081 composite?
True
Is 15781555463 a composite number?
True
Is 18808091 a prime number?
True
Is 25402347779 a composite number?
False
Is 197552843161 a prime number?
True
Is 10059717907 prime?
False
Is 11583857 prime?
True
Is 202241979061 a prime number?
True
Is 8190739285 prime?
False
Is 17586632405 a prime number?
False
Is 3342009587 prime?
False
Is 1411881067 a composite number?
False
Is 879116939 a prime number?
True
Is 400230539 a prime number?
False
Is 1187572079 prime?
True
Is 679675643 prime?
True
Is 866704687 composite?
True
Is 107378417 a composite number?
False
Is 3505231567 prime?
True
Is 688486423 a prime number?
True
Is 3270475255 prime?
False
Is 1076664233 prime?
True
Is 4167092861 a compo